2) + 5 + -6.
-3
Calculate 0 + 6 + -6 + 4 + -9.
-5
2 + (1 - 2) + 21 + -29
-7
What is 3 + -8 + (5 - 3)?
-3
-17 - -20 - (-4 - 0)
7
What is (3 + -6 - 0) + 3?
0
-12 - (32 - 33 - (9 + -2))
-4
What is the value of -12 - -3 - (-15 + 8)?
-2
What is -8 + -2 + 4 + 2?
-4
0 + (-10 - (6 - 12))
-4
Calculate 1 + (2 - 3 - -1).
1
3 - 8 - (2 - 2)
-5
What is the value of (5 - -1) + -9 + -5 + 0?
-8
What is the value of 6 + -2 + -28 + 24?
0
What is the value of 22 + -15 - (3 + 0) - 2?
2
What is the value of -2 - 9 - (41 - 48)?
-4
3 + 1 + -1 + -3
0
Calculate 5 + -2 + 0 + -2 - 0.
1
What is the value of 6 + 8 + 7 + -29?
-8
Evaluate 1 - -2 - 9 - (2 - 3).
-5
What is (-16 - -23) + (-1 - 8) + 6?
4
What is the value of 8 - (2 + -3 + -4 + 10)?
3
Calculate 4 + -9 - -6 - -4.
5
What is 0 - 0 - -8 - (-7 - -12)?
3
What is the value of -2 + 5 - (0 - -1)?
2
Calculate (-6 - -1) + -8 + 11 + 0.
-2
Calculate -3 + (-6 - -5) - (1 + -1).
-4
What is 7 + -6 + (-2 - 4)?
-5
What is the value of (-2 - -1 - -14) + -7?
6
Evaluate 8 + -3 + -2 + -4.
-1
Calculate (-5 - -2) + -1 - (10 + -15).
1
What is the value of 5 + -7 + (6 - (-7 + 11))?
0
4 + (-3 - (1 - 7)) + -2
5
What is 2 + (6 - 3) - (-1 + 1)?
5
What is the value of 1 + 1 + 2 + (-13 - -13)?
4
4 + -1 + 3 + (0 - 4)
2
Evaluate (-3 - -4) + 5 - 4.
2
Evaluate -3 - ((-2 - (-1 + -2)) + -9).
5
Evaluate -2 + 2 + -6 + 3.
-3
5 + (21 + -21 - (-1 + 2))
4
What is the value of 8 + -16 - (-14 + 1)?
5
What is the value of 4 + -5 + (-6 - -3)?
-4
Evaluate 6 + (1 + (-3 - -5) - 3).
6
What is the value of (-2 - (-2 - -4)) + -3 - -4?
-3
(-4 - 0) + 7 + -5
-2
(0 - -5) + -2 + 0
3
What is the value of (-37 - -42) + -2 + 1?
4
Evaluate -18 + 10 - (-5 - 1 - -7).
-9
0 + -6 + (-23 - -25)
-4
What is 101 + -98 + 2 + -5?
0
Evaluate 2 + 2 + (2 - 12).
-6
Evaluate (3 - 5) + (-4 - -1).
-5
What is (-23 + 20 - (0 + 3)) + 8?
2
What is the value of (1 - -3) + -4 + -2 + 3?
1
Calculate -9 - ((2 - 6) + -11).
6
Calculate 0 + 5 + -9 + 9.
5
Calculate -4 + 8 + (2 - -2) + -11.
-3
-5 - 3 - (-10 + 5 + -1)
-2
(5 - 1) + 7 - (10 + -5)
6
What is 1 + -3 + 0 + 1?
-1
What is the value of 3 + (2 - (-6 + 4) - 4)?
3
What is the value of (-6 + 4 - -4) + -7?
-5
-60 - -70 - (1 + 6)
3
What is the value of -6 - (4 - 7 - 1)?
-2
What is the value of -1 - 4 - (-14 - -8)?
1
Evaluate -21 - (-6 - 1) - -8.
-6
What is the value of 3 - (3 - 4 - -6)?
-2
Evaluate 4 + (3 - (8 + 3)).
-4
What is the value of 2 + 2 + -2 + (5 - 3)?
4
What is 2 + -4 + (-3 - (1 - 1))?
-5
What is 5 + 1 - (0 + (-4 - -6))?
4
Evaluate -1 + 9 + 1 + 13 + -17.
5
What is (1 - 0) + (14 - 25 - -11)?
1
What is (-5 - -2 - 0) + (23 - 14)?
6
What is 4 + -3 - -5 - (12 - 10)?
4
What is the value of 14 - 9 - (-1 + 2)?
4
What is the value of -7 + (0 - (-2 - -4)) - -2?
-7
Calculate -7 - (-1 + 3 + -9 - -5).
-5
Calculate 3 + (1 - (2 - 6)).
8
Evaluate -5 + (-5 - -17 - 7).
0
What is 3 - (24 + -22 + 9)?
-8
Calculate 1 + 0 - (11 + (-3 - 9)).
2
Calculate 0 + (3 - 2 - 4).
-3
Calculate 3 + -2 + (9 + -3 - 4).
3
What is the value of 4 + 2 + (-1 - 4 - -3)?
4
What is the value of -8 + 7 - (0 - -3)?
-4
What is the value of -1 - (1 + -1 + -1)?
0
What is the value of (-3 - (-8 + -1 - 0)) + -3?
3
What is the value of 2 + 2 + (-2 - -2)?
4
What is the value of 3 + -5 - 1 - -2 - -6?
5
Calculate 24 + -1 - (-310 - -324).
9
What is -4 - (2 + -13) - 6?
1
What is the value of -6 + 0 - -8 - 6?
-4
Calculate -21 - (-29 - -25) - (-10 + 1).
-8
Calculate 1 + (4 - 0) - 3.
2
What is the value of 6 + (-3 + (8 - 5) - 1)?
5
(-2 - -2) + (7 - (-1 + 4))
4
-6 - (-1 - 9) - (3 - 3)
4
Calculate 5 + -5 + 2 - 0 - 0.
2
Evaluate -2 + 0 + (13 - 7) - 2.
2
What is the value of 12 + (-26 - -13) + -1 + 3?
1
Evaluate 0 - 2 - (1 - 3).
0
5 + (3 + 1 - 3) + -2
4
Calculate 15 + -22 + 10 + 4.
7
What is (68 - 56) + (0 - 8)?
4
Evaluate -4 - (2 - (5 - -1)).
0
Calculate 3 - (-1 - (2 + -4 - -1)).
3
Evaluate -5 + 3 + 5 - (-1 - -1).
3
Evaluate -6 + (6 - 7) - -8.
1
Calculate 13 - 12 - (2 + 3 + 0).
-4
What is the value of -2 + 2 + -4 + 0 + 0?
-4
What is the value of 3 - (6 - 5) - -1?
3
What is the value of 1 - 10 - (15 + -23)?
-1
Evaluate 0 + (-1 - -5) - 3.
1
(-2 - 0) + 2 + -6 + 1
-5
What is the value of (-4 - (-7 + 9)) + 1?
-5
What is the value of (-6 - -14 - 1) + -3 + -2?
2
Calculate -1 - 8 - -7 - 1.
-3
20 - (-1 + 12) - -1
10
-13 + 13 + (1 - -3) - 3
1
What is -6 + 1 + 0 - (23 + -22)?
-6
What is 11 - 6 - (2 - (13 + -6))?
10
Evaluate -3 - (8 - (1 + 15)).
5
Evaluate 0 - -3 - (9 - (-3 - -8)).
-1
Evaluate (2 - -1) + -5 + 4.
2
What is the value of 8 + -1 + 0 - (6 - 0)?
1
Evaluate (-4 + 12 - 5) + -8.
-5
What is the value of 5 - -2 - (6 - -8 - 9)?
2
What is (-1 - -4) + (-9 + -4 - -7)?
-3
Evaluate (6 - 2 - (3 + 1)) + -4.
-4
Evaluate 1 - 1 - 4 - 1.
-5
0 + -5 + 3 + 10 + -2
6
Evaluate 0 + (-1 - -5) + -7.
-3
Calculate 1 + -11 - (26 + -36).
0
What is the value of -1 - (9 - -7) - -12?
-5
3 - (3 + (-2 - -3))
-1
What is 2 - ((-8 - -2) + 9)?
-1
What is 31 + -9 + -5 + -14?
3
What is -7 - -6 - (2 - 9) - 0?
6
What is 1 - 2 - (3 + -5)?
1
0 + 5 + -4 - 0
1
Evaluate 7 - (1 + (-4 - -5)).
5
What is -9 + 20 + -4 + (-3 - 0)?
4
Evaluate 3 + (-6 - (0 + -10)).
7
What is the value of (2 + -1 - -1) + (77 - 78)?
1
5 + 3 - (4 - -1)
3
Calculate 0 + 1 + (-1 - (-1 - -4)).
-3
What is -4 - (-1 - -1) - (-6 + 6)?
-4
What is 0 - (-2 + -2) - (-9 + 11)?
2
Calculate 4 - 6 - -1 - 3.
-4
What is the value of 6 + (-10 - -4 - -4)?
4
What is 6 + -1 - (10 + 0)?
-5
23 + -24 - (3 + 1)
-5
(-2 - -4) + (2 - 5)
-1
3 + 0 + (-25 - -20) - 1
-3
Evaluate (-6 - (8 + -26) - 5) + -5.
2
Calculate 0 - (3 - (1 + -1) - -1).
-4
Calculate 68 - 64 - (0 - -8).
-4
What is the value of -10 + (11 - 9) - -6?
-2
What is the value of 1 + (-1 - (7 + -3)) - -2?
-2
What is the value of -7 - (14 + -12 - (9 + -2))?
-2
What is the value of 65 + -78 + (8 - 1)?
-6
What is the value of (-1 - 3) + (10 - 14) + 2?
-6
Calculate 6 + (1 + 1 - (5 - 2)).
5
Evaluate 2 + 1 - (-4 - -5 - 2).
4
Calculate -1 - 6 - ((8 - -2) + -11).
-6
What is (4 + 4 + -2 - 6) + 1?
1
Calculate (3 - -5) + -5 + 2.
5
Evaluate -3 + (3 - (-1 + 3 + 3)).
-5
-7 + (2 - -3) + -3
-5
What is the value of -2 + (-1 - (-3 + (5 - 1)))?
-4
(-11 - -23) + -4 - (7 + -2)
3
What is the value of 1 + -7 + (-11 - -12)?
-5
What is -9 - (-4 - 15) - 7?
3
Evaluate -4 + 16 + 1 + (-29 - -23).
7
2 + (-1 - 4 - -2) - 2
-3
17 + -18 - (-6 + 0)
5
-11 + 2 - (-8 - -4)
-5
What is 2 + -1 + 1 + (13 - 17)?
-2
(4 - 0) + (-15 - (-13 - -12))
-10
Evaluate 0 - (3 + 0 + 0).
-3
Calculate 3 + 0 + (8 - 7).
4
(-4 - 1) + 7 + (2 - -2)
6
3 - (2 + 2 + 1)
-2
What is the value of 3 + 1 - (-53 + 59)?
-2
What is the value of 0 - (0 + 4 + (-43 - -34))?
5
3 + -4 + (8 - 2)
5
What is -1 - (3 + 1 - (-3 - -7))?
-1
What is the value of -2 - ((-1 - (-7 + 8)) + 5)?
-5
What is the value of 2 - (-2 - -4 - (5 + -5))?
0
Evaluate 9 + 9 + -14 - (3 + -1).
2
What is -11 + -12 + 9 + 5?
-9
Evaluate -16 - ((-13 - -15) + -10).
-8
What is 6 - (2 + -4) - (0 - -3)?
5
What is -2 + -3 + 7 + -1?
1
Evaluate (-4 - 4 - -1) + 12.
5
What is the value of -10 + 14 + 0 - 2?
2
What is (-6 - -2) + -4 - -3?
-5
Calculate 3 + (3 + -7 - (-2 + -5)).
6
What is the value of 0 - 3 - (-4 - -1)?
0
Evaluate 5 - (2 + (7 - 5) + -1).
2
-2 + (11 - 12) + -2
-5
What is -1 - -4 - (4 + -3)?
2
Evaluate 23 - 20 - (4 - 0).
-1
Evaluate -2 - ((1 - 6) + 1).
2
Evaluate 12 + (-18 - -7) + -1 + 0.
0
Calculate 7 - 0 - 6 - (2 + 2).
-3
-2 + (-6 - (-10 + 3))
-1
Calculate -1 - ((0 - -1) + 19 + -19).
-2
3 + (8 - 19 - -10)
2
-16 + 10 - (-4 + -1 + 1)
-2
Calculate 10 - 10 - (-1 + 1 + -1).
1
What is -7 - (-4 + 2) - (66 - 63)?
-8
Evaluate 1 - 3 - (-3 - 1 - -2).
0
Evaluate (6 + -3 - (-2 + 3)) + -4.
-2
Evaluate (-2 - 2) + 3 - (1 - -2).
-4
What is the value of (-3 - -4 - 0) + -2?
-1
What is (9 + -4 - -4) + -4?
5
-4 - 0 - (4 - 8)
0
What is the value of -3 + (1 - 7 - -15) + 2?
8
Evaluate 10 - 2 - 10 - 1.
-3
What is the value of 6 + 8 + (3 - 14) - 11?
-8
What is 15 + -15 + (-3 - 0)?
-3
(8 - 5) + 0 - 5
-2
What is the value of -4 + -1 - (-1 - 0 - 0)?
-4
Evaluate (-2 - (0 + 1)) + (-5 - -4).
-4
What is the value of (-37 - -33) + (-1 - -3)?
-2
What is (46 - 42) + (3 - 2)?
5
Calculate 5 + (-1 - -6) + -6.
4
Calculate 2 - 1 - (-1 + 2).
0
-1 + -4 - (2 + -1 + -1)
-5
What is -8 - (5 - (-3 + (4 - -3)))?
-9
-2 + -2 + 0 + 9 + -10
-5
What is the value of -1 - (5 - 1 - 2)?
-3
Calculate -5 + (40 - 41)